ppose -2*t = -2543 - 999. Suppose -2*c + 4*c - t = -g, 0 = c + 2*g - 890. Suppose 8*v - 4*v = -3*s + 1331, -2*s + c = 2*v. Is s prime?
False
Suppose 0 = 134*g - 5768837 - 5419761. Is g composite?
False
Suppose 18*r - 16*r - 48 = 2*k, -3*r + 69 = -4*k. Is 18/r + 21062/6 prime?
True
Let n(b) = 22618*b + 7401. Is n(11) a composite number?
False
Let y = 11208 + 860. Suppose i + 6*i = y. Let u = i + -1198. Is u a composite number?
True
Suppose 5*v = 2*o + 25000, 7*v - 2*v - 25005 = 3*o. Suppose 4*y + 13*i - v = 15*i, i = 5*y - 6240. Is y composite?
True
Let k(b) = 438*b**2 + 110 + b - 425*b**2 - 11*b. Is k(19) a prime number?
False
Suppose h + 2273 = 3*j, h + 12*j - 9*j = -2249. Let z = -1147 - h. Is z a composite number?
True
Let l(j) = 17*j**2 - 2 + 34*j**2 - 16*j + 39*j**2 - 7*j**2. Is l(7) prime?
False
Let n(c) = 3547*c**2 - 3*c - 10. Let z(r) = -5321*r**2 + 4*r + 16. Let u(m) = 8*n(m) + 5*z(m). Is u(3) prime?
False
Suppose t + 4*g + 87 = 1781, 3*g + 6757 = 4*t. Suppose -48 = -15*y + 12. Suppose -2*k + x = -t, -5*x - 3388 = -y*k - x. Is k composite?
True
Suppose -27407504 = -2773*n + 2757*n. Is n composite?
False
Suppose -3*y = -9*y + 1406658. Suppose y = 2*n + 9*n. Is n composite?
False
Is (-3 - (-13)/4)/(10/(-11922840)*-9) a prime number?
True
Let p(n) be the second derivative of n**4/6 + 4*n**3/3 - 73*n**2/2 + 2*n - 19. Is p(35) composite?
False
Let u = -50 + 42. Let l be (16/u)/(4/(-9970)). Suppose i = -4*i + l. Is i composite?
False
Let l = 57 + -44. Suppose 3522 - l = 11*f. Is f composite?
True
Let o = -3131 + 1840. Let i = 2858 + o. Is i a composite number?
False
Let z be (-26 + 76)*(0 - (-379 + 0)). Let y = -7087 + z. Is y a composite number?
False
Suppose a - 66896 = -5*r, 0 = -4*r - 6*a + 7*a + 53515. Let m = 29092 - r. Is m prime?
False
Let a = 1421 + 2359. Suppose -2*n + a = 394. Is n composite?
False
Suppose 11765 = 4*b + 5*n, -3*b + 5914 = 3*n - 2909. Let u = b - 923. Is u composite?
False
Let k(z) = 76*z - 4629. Is k(103) a prime number?
False
Let u(v) = 363*v + 6. Let b be u(-4). Let c(a) = 268*a - 825. Let j be c(4). Let q = j - b. Is q prime?
True
Let n = 69636 + -49103. Is n prime?
True
Let j be (240/(-20))/((-3)/10). Suppose j*r = -13*r + 104993. Is r a composite number?
True
Let o(i) = 1003*i**2 - 49*i - 561. Is o(-13) a prime number?
True
Let u = -16392 - -58983. Is u prime?
False
Let k(p) be the third derivative of -207*p**4/8 - p**3/6 + 27*p**2. Let x be k(-10). Suppose 0 = 2*b + 5*b - x. Is b a prime number?
True
Suppose 31*f = -15*f + 14243210. Is f a prime number?
False
Let c be (-34)/51 - (1/3 - 1). Suppose -5*u + 104 = -4*f - u, -3*f - u - 98 = c. Let h = f - -294. Is h composite?
False
Suppose -4*b = -3*n - 86, -3*n + 121 = 13*b - 8*b. Suppose -b*i + 18*i = -3335. Is i composite?
True
Let k = -5106 + 9655. Suppose n - g - 2*g - k = 0, -n + 2*g + 4553 = 0. Is n a composite number?
False
Let p = -18210 - -51197. Is p a prime number?
True
Let h(l) = 2671*l + 1908. Is h(73) a prime number?
False
Suppose 0 = 3*h - 4*t - 85513, -t - 142537 = -5*h - 2*t. Suppose 0 = 4*y - 97223 + h. Is y composite?
True
Let j be 464916/(-108) - (-10)/(-45). Let f = -610 - j. Is f a composite number?
True
Let a = -86936 - -181585. Is a a prime number?
True
Let l be (5/(50/996))/((-8)/(-20)). Let b = 1088 - l. Is b a composite number?
False
Let z = 307167 - 111700. Is z prime?
False
Suppose -68*k + 5811084 = 2178592. Is k composite?
False
Let h(w) = 808*w**2 - 6*w + 44. Let g be h(7). Suppose 0 = -5*o + 11*o - g. Is o prime?
True
Suppose -x - 101 = -276. Let s be (112/(-3))/8*(-36)/8. Is s/x*5645 + (-4)/10 a composite number?
False
Let i be -1 + 0 - 1 - (3 + 10645). Let b = i - -15233. Is b a composite number?
False
Let f(b) = 206*b + 121. Let r(p) = 135*p + 81. Let s(w) = 5*f(w) - 7*r(w). Suppose 3*l = 18 + 3. Is s(l) a composite number?
True
Suppose -124*j = 415773 - 2601025. Is j composite?
False
Let v(a) = 12*a**3 + a**2 + a + 9. Let m be ((-36)/4)/(6/(-4)). Is v(m) a composite number?
True
Let r be (12/9)/((-4)/42). Let l(x) be the first derivative of -21*x**2/2 + 37*x - 535. Is l(r) prime?
True
Let n = 2474 - 581. Suppose -229*s = -219*s + 8500. Let z = n + s. Is z a prime number?
False
Is (1386574/(-8))/((-4)/(-6)*72/(-192)) a prime number?
False
Suppose -60*v + 58*v = 5*u - 238891, -143334 = -3*u - v. Is u a prime number?
True
Let y = 406 + -403. Is (3/(-3))/(y/(-4083)) a prime number?
True
Let p(q) = 5917*q**2 - 9*q - 3. Suppose 0 = -2*s + 4*y - 22, -y + 2 = 7*s - 4*s. Is p(s) a composite number?
False
Is ((-264815)/55)/((-2)/22) composite?
False
Let z = 7 + -5. Suppose -287 - 669 = -z*i. Is i a composite number?
True
Let r(n) = -30*n - 10. Let t be r(-1). Is t/(-110) - (-226)/22*1163 composite?
True
Suppose 12412*v + 7224185 = 12435*v. Is v composite?
True
Let u(j) = -10 + 8*j**2 - 14 + 2*j**3 + 7*j**3 - 7*j + 33 - 2*j**3. Is u(8) a prime number?
True
Suppose 0 = 6*w - 19*w - 38103. Is (-1 - (-85)/15)/((-2)/w) a prime number?
False
Let o(r) = -4524*r - 433. Is o(-11) a prime number?
True
Let w = -6901 - -1840. Let x = w + 8224. Is x composite?
False
Let l(g) = 30*g**2 + 8*g - 25. Suppose -9 - 3 = -4*p. Is l(p) composite?
False
Let v be (-5 - 1)*2/3. Let a(g) = -65*g**2 - 9*g + 33. Let j(p) = -21*p**2 - 3*p + 11. Let y(o) = -3*a(o) + 8*j(o). Is y(v) a prime number?
True
Suppose 5*l + 4340 = 10*l. Let q = l + -479. Suppose -w + 2*r + 385 = -2*r, -w = -2*r - q. Is w composite?
True
Suppose 46009 = 11*u - 13567. Suppose -3*z = -5*z - m + u, 0 = -3*z - m + 8123. Is z composite?
False
Suppose 109*g = 76*g + 15421395. Is g prime?
False
Let m(j) = 854*j - 71. Suppose 2*k - 20 = -4*y, -k + 5*k - 3*y - 29 = 0. Is m(k) prime?
True
Let a be (10 - 62) + -2*1. Let w be a*((-1)/(-2) - 0). Is (-232)/(-2) - w/(-9) prime?
True
Suppose -31518 + 288008 = 4*l - 2*b, -192372 = -3*l - 3*b. Is l prime?
True
Suppose 5*l = -4*i + 98329, 24352 = -5*l - 5*i + 122687. Is l a composite number?
False
Let j = -330 + -142. Let m = j + 971. Is m a composite number?
False
Suppose 5*x - l - 7185 = 34247, -5*l + 8302 = x. Is x a composite number?
False
Let t be 6*(7/(-56))/(1/(-4)). Let o be t*(-1)/18 - 4702/12. Is 3 + 1 + o/(-8) composite?
False
Suppose 0 = -h - 2*u + 26 - 63, 4*h - 4*u = -196. Let y = 13 + h. Let j = y + 43. Is j a composite number?
False
Let a = 172151 - 43936. Is a prime?
False
Suppose 2*s - 79724 = -19006. Is s a composite number?
True
Let x(t) = t - 2. Let q be x(5). Let i(p) = -p - p**q - 1 + 3 - 1 - 4*p**2. Is i(-6) composite?
False
Let h(y) be the first derivative of 478*y**3/3 + 5*y**2 + 23*y - 171. Is h(6) prime?
True
Let l(w) = -w**3 - 8*w**2 - 3. Let d be l(-8). Let r be (-28)/d - 5/15. Suppose r*n + 908 = 3167. Is n composite?
False
Is (0 - (-1384342)/(-5))/(26/(-65)) a composite number?
True
Let y be (-7 - -7) + 25278/3. Let z = y - 1323. Is z composite?
False
Let c be (-11)/(-2) - (-8 + 135/18). Suppose 5*g = 4*p - 3858, 0 = -2*p + c*p + g - 3870. Is p prime?
True
Suppose -5*a - 51 = -6*d + 2*d, 4*a + 21 = d. Suppose -12 = -13*l + d*l. Suppose 5*t = 3*i - 1497, -2*t = -l*i + i + 998. Is i composite?
False
Let b(q) = 2991*q - 782. Is b(5) composite?
False
Let c(u) = 48*u**3 + 18*u**2 - 23*u - 88. Is c(13) prime?
False
Suppose -6*l + l - 15010 = 0. Let k be (-2 + 0)/((-110956)/(-9246) - 12). Let q = l - k. Is q composite?
False
Let s = 93495 - 13718. Is s prime?
True
Suppose 10520 - 57311 = -z. Suppose 65*q + z = 92*q. Is q a prime number?
True
Let n(j) = j**3 - 6*j**2 - 9*j + 25. Let t be n(7). Let i be 2 + ((-1)/2)/(t/22). Is i + (-13)/(52/(-1320)) a prime number?
True
Suppose 0 = -2*t - 0 + 6. Let v be (3 - 132/40) + (-33)/(-110). Suppose -1229 = -t*a + n, -2*a - n + 946 - 120 = v. Is a a composite number?
True
Let l(x) be the third derivative of 13*x**5/60 + 5*x**4/3 + 16*x**3/3 - 4*x**2 - 15*x. Is l(15) a composite number?
False
Is (33703/((-2)/2*1))/(-3 - -2) a composite number?
False
Let f(u) = 95*u + 57. Let s(q) = 32*q + 19. Let r(m) = -2*f(m) + 7*s(m). Let i be r(5). Suppose 2*h - 565 = i. Is h composite?
True
Suppose 17*x - 476 = -68. Is x/(-96) + 179466/8 composite?
False
Let f(o) = o**3 + 19*o**2 + 24*o + 106. Let z be f(-18). Is (1/z)/((-3)/(-12)) + 5921 composite?
True
Suppose 5*o - 4*a = -4082, -12*o = -9*o + 5*a + 